d by 26571.
111
What is the remainder when 8543 is divided by 3890?
763
What is the remainder when 17804886 is divided by 278201?
22
What is the remainder when 20799174 is divided by 184?
182
What is the remainder when 4992962 is divided by 42?
2
Calculate the remainder when 132573 is divided by 44159.
96
What is the remainder when 24585285 is divided by 56?
53
Calculate the remainder when 57689 is divided by 69.
5
What is the remainder when 276294 is divided by 69051?
90
Calculate the remainder when 33865965 is divided by 72830.
15
Calculate the remainder when 2145433 is divided by 147.
115
What is the remainder when 181579 is divided by 30093?
1021
Calculate the remainder when 45098101 is divided by 2017.
2015
What is the remainder when 7109082 is divided by 2069?
2067
Calculate the remainder when 178422 is divided by 195.
192
Calculate the remainder when 2126124 is divided by 53152.
44
What is the remainder when 6246712 is divided by 6053?
16
Calculate the remainder when 600754 is divided by 40013.
559
Calculate the remainder when 12539064 is divided by 14892.
0
What is the remainder when 6615741 is divided by 24?
21
What is the remainder when 30302 is divided by 5941?
597
Calculate the remainder when 2815516 is divided by 1721.
1681
Calculate the remainder when 311669 is divided by 11981.
163
Calculate the remainder when 5075362 is divided by 943.
136
What is the remainder when 11441632 is divided by 715101?
16
Calculate the remainder when 506531 is divided by 375.
281
What is the remainder when 4158148 is divided by 1639?
5
What is the remainder when 776322 is divided by 20215?
8152
Calculate the remainder when 92185 is divided by 8362.
203
Calculate the remainder when 2692666 is divided by 1346199.
268
What is the remainder when 108993993 is divided by 1969?
1967
What is the remainder when 453623 is divided by 959?
16
What is the remainder when 1634493 is divided by 19?
18
What is the remainder when 10810207 is divided by 1199?
23
Calculate the remainder when 73863 is divided by 2550.
2463
What is the remainder when 8330758 is divided by 564?
478
Calculate the remainder when 6330969 is divided by 15.
9
Calculate the remainder when 967904 is divided by 2042.
2038
Calculate the remainder when 61621711 is divided by 1645.
11
What is the remainder when 24188669 is divided by 1675?
1669
Calculate the remainder when 349748 is divided by 988.
984
What is the remainder when 167321 is divided by 2368?
1561
Calculate the remainder when 512530 is divided by 109.
12
What is the remainder when 1901992 is divided by 170?
32
Calculate the remainder when 11960777 is divided by 108.
101
What is the remainder when 4333206 is divided by 3388?
3342
Calculate the remainder when 21221602 is divided by 36.
34
Calculate the remainder when 3118576 is divided by 3993.
43
What is the remainder when 833448 is divided by 2541?
0
Calculate the remainder when 1177027 is divided by 6598.
2583
What is the remainder when 1096300 is divided by 2681?
2452
Calculate the remainder when 461834 is divided by 317.
282
What is the remainder when 274011322 is divided by 1085?
1082
What is the remainder when 40028 is divided by 1099?
464
What is the remainder when 372767 is divided by 186363?
41
What is the remainder when 436550 is divided by 2215?
195
Calculate the remainder when 9936510 is divided by 1210.
1200
What is the remainder when 222106376 is divided by 15?
11
What is the remainder when 1116506 is divided by 223296?
26
What is the remainder when 44077394 is divided by 14692445?
59
What is the remainder when 38692893 is divided by 242?
239
Calculate the remainder when 67765 is divided by 5643.
49
Calculate the remainder when 3475656 is divided by 231709.
21
Calculate the remainder when 133129 is divided by 256.
9
What is the remainder when 181281 is divided by 813?
795
What is the remainder when 83106 is divided by 1069?
793
Calculate the remainder when 174988 is divided by 27928.
7420
What is the remainder when 1359114 is divided by 1248?
42
What is the remainder when 100466 is divided by 884?
574
Calculate the remainder when 527938260 is divided by 543.
537
What is the remainder when 136196 is divided by 5042?
62
What is the remainder when 896214 is divided by 2439?
1101
What is the remainder when 671419 is divided by 1212?
1183
What is the remainder when 2623012 is divided by 644?
0
Calculate the remainder when 1360 is divided by 62.
58
Calculate the remainder when 1670 is divided by 69.
14
What is the remainder when 2467077 is divided by 60171?
66
Calculate the remainder when 5657103 is divided by 2828454.
195
Calculate the remainder when 338322 is divided by 988.
426
Calculate the remainder when 5958 is divided by 632.
270
Calculate the remainder when 41823230 is divided by 231.
218
What is the remainder when 669842 is divided by 546?
446
What is the remainder when 5441558 is divided by 57279?
53
What is the remainder when 106680703 is divided by 976?
975
Calculate the remainder when 100368 is divided by 2846.
758
What is the remainder when 2549900 is divided by 364271?
3
Calculate the remainder when 77620 is divided by 8099.
4729
What is the remainder when 206547 is divided by 198669?
7878
Calculate the remainder when 5392940 is divided by 1797499.
443
What is the remainder when 118336 is divided by 39444?
4
What is the remainder when 16889903 is divided by 14?
9
Calculate the remainder when 652430 is divided by 81552.
14
Calculate the remainder when 10097306 is divided by 150706.
4
Calculate the remainder when 2535751 is divided by 408.
31
What is the remainder when 305308 is divided by 9532?
284
Calculate the remainder when 55895154 is divided by 65451.
0
What is the remainder when 66225795 is divided by 281?
277
Calculate the remainder when 3331729 is divided by 388.
361
What is the remainder when 22382972 is divided by 44?
40
What is the remainder when 64284993 is divided by 29?
26
Calculate the remainder when 57115 is divided by 1929.
1174
What is the remainder when 295212 is divided by 108?
48
Calculate the remainder when 124343 is divided by 555.
23
What is the remainder when 92577 is divided by 46117?
343
What is the remainder when 34139 is divided by 2363?
1057
Calculate the remainder when 1911474 is divided by 943.
13
Calculate the remainder when 6752116 is divided by 181.
92
Calculate the remainder when 56828433 is divided by 11365686.
3
Calculate the remainder when 972138 is divided by 972137.
1
What is the remainder when 6552895 is divided by 3458?
3443
What is the remainder when 1582417 is divided by 102?
91
Calculate the remainder when 1126111 is divided by 562875.
361
Calculate the remainder when 328675 is divided by 263.
188
Calculate the remainder when 875559737 is divided by 22.
19
Calculate the remainder when 5172348 is divided by 1724112.
12
What is the remainder when 60962930 is divided by 3581?
3567
What is the remainder when 56178444 is divided by 4744?
4740
What is the remainder when 3346873 is divided by 19015?
233
Calculate the remainder when 2833380 is divided by 974.
14
What is the remainder when 143850 is divided by 2107?
574
What is the remainder when 704009 is divided by 533?
449
Calculate the remainder when 1528947 is divided by 305789.
2
Calculate the remainder when 63785 is divided by 3856.
2089
What is the remainder when 989199 is divided by 11?
2
What is the remainder when 3147843 is divided by 73?
10
Calculate the remainder when 9272404 is divided by 1816.
1724
What is the remainder when 104495138 is divided by 1123?
1111
Calculate the remainder when 2180987 is divided by 385.
347
What is the remainder when 1009610 is divided by 2671?
2643
What is the remainder when 534365 is divided by 1243?
1118
Calculate the remainder when 28684319 is divided by 15331.
18
What is the remainder when 302172 is divided by 43163?
31
What is the remainder when 1011470 is divided by 2510?
2450
What is the remainder when 111983 is divided by 21811?
2928
What is the remainder when 1397838 is divided by 20246?
864
What is the remainder when 17922072 is divided by 16?
8
Calculate the remainder when 2566189 is divided by 483.
10
Calculate the remainder when 23078 is divided by 22917.
161
Calculate the remainder when 841774 is divided by 19.
17
Calc